{"id":68,"date":"2020-07-21T21:54:43","date_gmt":"2020-07-21T21:54:43","guid":{"rendered":"https:\/\/sgtc.teamunity.hu\/?page_id=68"},"modified":"2020-09-12T18:16:55","modified_gmt":"2020-09-12T18:16:55","slug":"cegunkrol","status":"publish","type":"page","link":"https:\/\/sugartec.hu\/?page_id=68","title":{"rendered":"C\u00e9g\u00fcnkr\u0151l"},"content":{"rendered":"<p>[vc_row][vc_column][vc_column_text]<\/p>\n<h1><u><b>C\u00e9g\u00fcnkr\u0151l:<\/b><\/u><\/h1>\n<p>&nbsp;<\/p>\n<ul>\n<li>\n<h4><em><strong>2000<\/strong> <\/em>&#8211; <i><b>A megalakul\u00e1s \u00e9ve<\/b><\/i><\/h4>\n<ul>\n<li>l\u00e9trej\u00f6tt a <b>Sug\u00e1rtec Bt<\/b>.<\/li>\n<li>100 %-ban csal\u00e1di tulajdonban l\u00e9v\u0151 v\u00e1llalkoz\u00e1s<\/li>\n<li>tev\u00e9kenys\u00e9gi k\u00f6r\u00fcnk: gy\u00e1rt\u00f3t\u00f3l f\u00fcggetlen PET- \u00e9s ipari g\u00e1zkompresszorok szervizel\u00e9se a v\u00e9gfelhaszn\u00e1l\u00f3kn\u00e1l, a kompresszorok telep\u00edt\u00e9si hely\u00e9n<\/li>\n<\/ul>\n<\/li>\n<\/ul>\n<p>&nbsp;<\/p>\n<ul>\n<li>\n<h4><i><b>2006 &#8211; <\/b><\/i><i><b>A v\u00e1ltoz\u00e1s \u00e9ve<\/b><\/i><\/h4>\n<ul>\n<li>Az olaszorsz\u00e1gi <i>Siad<\/i> Macchine Impianti S.p.A. kompresszorgy\u00e1rt\u00f3 c\u00e9ggel szerviz- \u00e9s kereskedelmi egy\u00fcttm\u0171k\u00f6d\u00e9si szerz\u0151d\u00e9st k\u00f6t\u00f6tt\u00fcnk<\/li>\n<li>Az egy\u00fcttm\u0171k\u00f6d\u00e9si szerz\u0151d\u00e9s megk\u00f6t\u00e9se nem befoly\u00e1solta c\u00e9g\u00fcnk f\u00fcggetlens\u00e9g\u00e9t, \u00edgy tov\u00e1bbra is b\u00e1rmely kompresszorgy\u00e1rt\u00f3 kompresszorait szervizelj\u00fck<\/li>\n<\/ul>\n<\/li>\n<\/ul>\n<p>&nbsp;<\/p>\n<ul>\n<li>\n<h4><i><b>2013 &#8211; <\/b><\/i><i><b>A profiltiszt\u00edt\u00e1s \u00e9ve<\/b><\/i><\/h4>\n<ul>\n<li>Sug\u00e1rtec tulajdonosai megalap\u00edtj\u00e1k a <b>PET Kompresszor Szerviz Kft<\/b>-tAz \u201eanyac\u00e9g\u201d \u00e9s az \u00fajonnan megalakult c\u00e9g tov\u00e1bbra is a csal\u00e1d tulajdon\u00e1ban marad.<\/li>\n<li><a name=\"__DdeLink__291_185485717\"><\/a> A Sug\u00e1rtec Bt. feladata a tov\u00e1bbiakban: ipari g\u00e1z, \u00e9s vegyipari ter\u00fcleten \u00fczemel\u0151 dugatty\u00fas kompresszorok szervizel\u00e9se \u00e9s alkatr\u00e9sz-ell\u00e1t\u00e1sa<\/li>\n<li>A PET Kompresszor Szerviz Kft. feladata a tov\u00e1bbiakban: a PET palackok el\u0151\u00e1ll\u00edt\u00e1s\u00e1hoz sz\u00fcks\u00e9ges leveg\u0151t biztos\u00edt\u00f3 PET kompresszorok szervizel\u00e9se \u00e9s alkatr\u00e9sz-ell\u00e1t\u00e1sa (www.petkompresszor.hu)<\/li>\n<\/ul>\n<\/li>\n<\/ul>\n<p>&nbsp;<\/p>\n<ul>\n<li>\n<h4><i><b>2019 &#8211; <\/b><\/i><i><b>A b\u0151v\u00edt\u00e9s \u00e9ve<\/b><\/i><\/h4>\n<ul>\n<li>a szem\u00e9lyi \u00e9s m\u0171szaki \u00e1llom\u00e1ny b\u0151v\u00edt\u00e9se, ez\u00e1ltal a tev\u00e9kenys\u00e9gi k\u00f6r az al\u00e1bbiakkal sz\u00e9lesedett:\n<ul>\n<li>m\u00e9rn\u00f6ki tev\u00e9kenys\u00e9gek az alkatr\u00e9szgy\u00e1rt\u00e1s ter\u00fclet\u00e9n (re-engineering)<\/li>\n<li>\u201e\u00d6reg \u201d kompresszor hengerek fel\u00faj\u00edt\u00e1sa<\/li>\n<li>Szelepgy\u00e1rt\u00f3t\u00f3l f\u00fcggetlen szelepfel\u00faj\u00edt\u00e1s<\/li>\n<li>Kompresszorok teljesk\u00f6r\u0171 intenzifik\u00e1l\u00e1sa a tervez\u00e9st\u0151l a megval\u00f3s\u00edt\u00e1sig<\/li>\n<li>Turbokompresszorok szervize, alkatr\u00e9szek biztos\u00edt\u00e1sa<\/li>\n<li>Turbokompresszor forg\u00f3r\u00e9szeinek fel\u00faj\u00edt\u00e1sa<\/li>\n<\/ul>\n<\/li>\n<\/ul>\n<\/li>\n<\/ul>\n<p>&nbsp;<\/p>\n<ul>\n<li>\n<h4><em><strong>2020 &#8211; A v\u00e1ltoz\u00e1sok \u00e9ve<\/strong><\/em><\/h4>\n<ul>\n<li>A spanyolorsz\u00e1gi ABC kompresszorgy\u00e1rt\u00f3 c\u00e9ggel szerviz egy\u00fcttm\u0171k\u00f6d\u00e9st k\u00f6t\u00f6tt\u00fcnk az ipari g\u00e1zok, vegyipar \u00e9s olajipar ter\u00fclet\u00e9re<\/li>\n<li>Tulajdonosi d\u00f6nt\u00e9s alapj\u00e1n megkezdt\u00fck a Sug\u00e1rtec Bt. gazdas\u00e1gi form\u00e1j\u00e1nak Kft-v\u00e9 t\u00f6rt\u00e9n\u0151 \u00e1talak\u00edt\u00e1s\u00e1t, mely 2020. v\u00e9g\u00e9ig fog realiz\u00e1l\u00f3dni.<\/li>\n<\/ul>\n<\/li>\n<\/ul>\n<p>&nbsp;<\/p>\n<p>[\/vc_column_text][\/vc_column][\/vc_row]<\/p>\n","protected":false},"excerpt":{"rendered":"<p>[vc_row][vc_column][vc_column_text] C\u00e9g\u00fcnkr\u0151l: &nbsp; 2000 &#8211; A megalakul\u00e1s \u00e9ve l\u00e9trej\u00f6tt a Sug\u00e1rtec Bt. 100 %-ban csal\u00e1di tulajdonban l\u00e9v\u0151 v\u00e1llalkoz\u00e1s tev\u00e9kenys\u00e9gi k\u00f6r\u00fcnk: gy\u00e1rt\u00f3t\u00f3l f\u00fcggetlen PET- \u00e9s ipari g\u00e1zkompresszorok szervizel\u00e9se a v\u00e9gfelhaszn\u00e1l\u00f3kn\u00e1l, a kompresszorok telep\u00edt\u00e9si hely\u00e9n &nbsp; 2006 &#8211; A v\u00e1ltoz\u00e1s \u00e9ve Az olaszorsz\u00e1gi Siad Macchine Impianti S.p.A. kompresszorgy\u00e1rt\u00f3 c\u00e9ggel szerviz- \u00e9s kereskedelmi [&hellip;]<\/p>\n","protected":false},"author":1,"featured_media":0,"parent":0,"menu_order":0,"comment_status":"closed","ping_status":"closed","template":"","meta":{"footnotes":""},"_links":{"self":[{"href":"https:\/\/sugartec.hu\/index.php?rest_route=\/wp\/v2\/pages\/68"}],"collection":[{"href":"https:\/\/sugartec.hu\/index.php?rest_route=\/wp\/v2\/pages"}],"about":[{"href":"https:\/\/sugartec.hu\/index.php?rest_route=\/wp\/v2\/types\/page"}],"author":[{"embeddable":true,"href":"https:\/\/sugartec.hu\/index.php?rest_route=\/wp\/v2\/users\/1"}],"replies":[{"embeddable":true,"href":"https:\/\/sugartec.hu\/index.php?rest_route=%2Fwp%2Fv2%2Fcomments&post=68"}],"version-history":[{"count":24,"href":"https:\/\/sugartec.hu\/index.php?rest_route=\/wp\/v2\/pages\/68\/revisions"}],"predecessor-version":[{"id":547,"href":"https:\/\/sugartec.hu\/index.php?rest_route=\/wp\/v2\/pages\/68\/revisions\/547"}],"wp:attachment":[{"href":"https:\/\/sugartec.hu\/index.php?rest_route=%2Fwp%2Fv2%2Fmedia&parent=68"}],"curies":[{"name":"wp","href":"https:\/\/api.w.org\/{rel}","templated":true}]}}

Cégünkről

<p>[vc_row][vc_column][vc_column_text]</p>
<h1><u><b>Cégünkről:</b></u></h1>
<p>&nbsp;</p>
<ul>
<li>
<h4><em><strong>2000</strong> </em>&#8211; <i><b>A megalakulás éve</b></i></h4>
<ul>
<li>létrejött a <b>Sugártec Bt</b>.</li>
<li>100 %-ban családi tulajdonban lévő vállalkozás</li>
<li>tevékenységi körünk: gyártótól független PET- és ipari gázkompresszorok szervizelése a végfelhasználóknál, a kompresszorok telepítési helyén</li>
</ul>
</li>
</ul>
<p>&nbsp;</p>
<ul>
<li>
<h4><i><b>2006 &#8211; </b></i><i><b>A változás éve</b></i></h4>
<ul>
<li>Az olaszországi <i>Siad</i> Macchine Impianti S.p.A. kompresszorgyártó céggel szerviz- és kereskedelmi együttműködési szerződést kötöttünk</li>
<li>Az együttműködési szerződés megkötése nem befolyásolta cégünk függetlenségét, így továbbra is bármely kompresszorgyártó kompresszorait szervizeljük</li>
</ul>
</li>
</ul>
<p>&nbsp;</p>
<ul>
<li>
<h4><i><b>2013 &#8211; </b></i><i><b>A profiltisztítás éve</b></i></h4>
<ul>
<li>Sugártec tulajdonosai megalapítják a <b>PET Kompresszor Szerviz Kft</b>-tAz „anyacég” és az újonnan megalakult cég továbbra is a család tulajdonában marad.</li>
<li><a name="__DdeLink__291_185485717"></a> A Sugártec Bt. feladata a továbbiakban: ipari gáz, és vegyipari területen üzemelő dugattyús kompresszorok szervizelése és alkatrész-ellátása</li>
<li>A PET Kompresszor Szerviz Kft. feladata a továbbiakban: a PET palackok előállításához szükséges levegőt biztosító PET kompresszorok szervizelése és alkatrész-ellátása (www.petkompresszor.hu)</li>
</ul>
</li>
</ul>
<p>&nbsp;</p>
<ul>
<li>
<h4><i><b>2019 &#8211; </b></i><i><b>A bővítés éve</b></i></h4>
<ul>
<li>a személyi és műszaki állomány bővítése, ezáltal a tevékenységi kör az alábbiakkal szélesedett:
<ul>
<li>mérnöki tevékenységek az alkatrészgyártás területén (re-engineering)</li>
<li>„Öreg ” kompresszor hengerek felújítása</li>
<li>Szelepgyártótól független szelepfelújítás</li>
<li>Kompresszorok teljeskörű intenzifikálása a tervezéstől a megvalósításig</li>
<li>Turbokompresszorok szervize, alkatrészek biztosítása</li>
<li>Turbokompresszor forgórészeinek felújítása</li>
</ul>
</li>
</ul>
</li>
</ul>
<p>&nbsp;</p>
<ul>
<li>
<h4><em><strong>2020 &#8211; A változások éve</strong></em></h4>
<ul>
<li>A spanyolországi ABC kompresszorgyártó céggel szerviz együttműködést kötöttünk az ipari gázok, vegyipar és olajipar területére</li>
<li>Tulajdonosi döntés alapján megkezdtük a Sugártec Bt. gazdasági formájának Kft-vé történő átalakítását, mely 2020. végéig fog realizálódni.</li>
</ul>
</li>
</ul>
<p>&nbsp;</p>
<p>[/vc_column_text][/vc_column][/vc_row]</p>

<p>[vc_row][vc_column][vc_column_text] Cégünkről: &nbsp; 2000 &#8211; A megalakulás éve létrejött a Sugártec Bt. 100 %-ban családi tulajdonban lévő vállalkozás tevékenységi körünk: gyártótól független PET- és ipari gázkompresszorok szervizelése a végfelhasználóknál, a kompresszorok telepítési helyén &nbsp; 2006 &#8211; A változás éve Az olaszországi Siad Macchine Impianti S.p.A. kompresszorgyártó céggel szerviz- és kereskedelmi [&hellip;]</p>
