{"id":353,"date":"2020-07-26T09:33:02","date_gmt":"2020-07-26T09:33:02","guid":{"rendered":"https:\/\/sgtc.teamunity.hu\/?page_id=353"},"modified":"2020-11-28T19:34:44","modified_gmt":"2020-11-28T19:34:44","slug":"kapcsolat","status":"publish","type":"page","link":"https:\/\/sugartec.hu\/?page_id=353","title":{"rendered":"Kapcsolat"},"content":{"rendered":"<p>[vc_row][vc_column width=&#8221;1\/2&#8243;][vc_column_text]<\/p>\n<h3>El\u00e9rhet\u0151s\u00e9geink<\/h3>\n<p><strong>Sug\u00e1rtec Kft.<\/strong><br \/>\n7041 Vajta, K\u00f6zt\u00e1rsas\u00e1g utca 5.<\/p>\n<p><strong>Telefon:<\/strong><br \/>\n06 20 333 3104<br \/>\n06 70 330 0056<\/p>\n<p><strong>E-mail:<\/strong><br \/>\n<span style=\"color: #0563c1;\"><span lang=\"zxx\"><u><a href=\"mailto:sugartec@sugartec.hu\"><b>sugartec@sugartec.hu<\/b><\/a><br \/>\n<\/u><\/span><\/span><span style=\"color: #0563c1;\"><span lang=\"zxx\"><u><a href=\"mailto:office@sugartec.hu\"><b>office@sugartec.hu<\/b><\/a><\/u><\/span><\/span>[\/vc_column_text][\/vc_column][vc_column width=&#8221;1\/2&#8243;][vc_gmaps link=&#8221;#E-8_JTNDaWZyYW1lJTIwc3JjJTNEJTIyaHR0cHMlM0ElMkYlMkZ3d3cuZ29vZ2xlLmNvbSUyRm1hcHMlMkZlbWJlZCUzRnBiJTNEJTIxMW0xOCUyMTFtMTIlMjExbTMlMjExZDQzNzY4LjUzMzQ5ODY5NzglMjEyZDE4LjYyNDY2NDcxNzQyNzkzJTIxM2Q0Ni43MTQ5NDEwMDcxMzM0NCUyMTJtMyUyMTFmMCUyMTJmMCUyMTNmMCUyMTNtMiUyMTFpMTAyNCUyMTJpNzY4JTIxNGYxMy4xJTIxM20zJTIxMW0yJTIxMXMweDQ3NDI2ZjllMjM0ZThjYjklMjUzQTB4NDAwYzQyOTBjMWU2MWQwJTIxMnNWYWp0YSUyNTJDJTI1MjA3MDQxJTIxNWUwJTIxM20yJTIxMXNodSUyMTJzaHUlMjE0djE1OTY5Nzc2NjY2MTMlMjE1bTIlMjExc2h1JTIxMnNodSUyMiUyMHdpZHRoJTNEJTIyNjAwJTIyJTIwaGVpZ2h0JTNEJTIyNDUwJTIyJTIwZnJhbWVib3JkZXIlM0QlMjIwJTIyJTIwc3R5bGUlM0QlMjJib3JkZXIlM0EwJTNCJTIyJTIwYWxsb3dmdWxsc2NyZWVuJTNEJTIyJTIyJTIwYXJpYS1oaWRkZW4lM0QlMjJmYWxzZSUyMiUyMHRhYmluZGV4JTNEJTIyMCUyMiUzRSUzQyUyRmlmcmFtZSUzRQ==&#8221;][\/vc_column][\/vc_row][vc_row][vc_column][\/vc_column][\/vc_row]<\/p>\n","protected":false},"excerpt":{"rendered":"<p>[vc_row][vc_column width=&#8221;1\/2&#8243;][vc_column_text] El\u00e9rhet\u0151s\u00e9geink Sug\u00e1rtec Kft. 7041 Vajta, K\u00f6zt\u00e1rsas\u00e1g utca 5. Telefon: 06 20 333 3104 06 70 330 0056 E-mail: sugartec@sugartec.hu office@sugartec.hu[\/vc_column_text][\/vc_column][vc_column width=&#8221;1\/2&#8243;][vc_gmaps link=&#8221;#E-8_JTNDaWZyYW1lJTIwc3JjJTNEJTIyaHR0cHMlM0ElMkYlMkZ3d3cuZ29vZ2xlLmNvbSUyRm1hcHMlMkZlbWJlZCUzRnBiJTNEJTIxMW0xOCUyMTFtMTIlMjExbTMlMjExZDQzNzY4LjUzMzQ5ODY5NzglMjEyZDE4LjYyNDY2NDcxNzQyNzkzJTIxM2Q0Ni43MTQ5NDEwMDcxMzM0NCUyMTJtMyUyMTFmMCUyMTJmMCUyMTNmMCUyMTNtMiUyMTFpMTAyNCUyMTJpNzY4JTIxNGYxMy4xJTIxM20zJTIxMW0yJTIxMXMweDQ3NDI2ZjllMjM0ZThjYjklMjUzQTB4NDAwYzQyOTBjMWU2MWQwJTIxMnNWYWp0YSUyNTJDJTI1MjA3MDQxJTIxNWUwJTIxM20yJTIxMXNodSUyMTJzaHUlMjE0djE1OTY5Nzc2NjY2MTMlMjE1bTIlMjExc2h1JTIxMnNodSUyMiUyMHdpZHRoJTNEJTIyNjAwJTIyJTIwaGVpZ2h0JTNEJTIyNDUwJTIyJTIwZnJhbWVib3JkZXIlM0QlMjIwJTIyJTIwc3R5bGUlM0QlMjJib3JkZXIlM0EwJTNCJTIyJTIwYWxsb3dmdWxsc2NyZWVuJTNEJTIyJTIyJTIwYXJpYS1oaWRkZW4lM0QlMjJmYWxzZSUyMiUyMHRhYmluZGV4JTNEJTIyMCUyMiUzRSUzQyUyRmlmcmFtZSUzRQ==&#8221;][\/vc_column][\/vc_row][vc_row][vc_column][\/vc_column][\/vc_row]<\/p>\n","protected":false},"author":1,"featured_media":0,"parent":0,"menu_order":0,"comment_status":"closed","ping_status":"closed","template":"","meta":{"footnotes":""},"_links":{"self":[{"href":"https:\/\/sugartec.hu\/index.php?rest_route=\/wp\/v2\/pages\/353"}],"collection":[{"href":"https:\/\/sugartec.hu\/index.php?rest_route=\/wp\/v2\/pages"}],"about":[{"href":"https:\/\/sugartec.hu\/index.php?rest_route=\/wp\/v2\/types\/page"}],"author":[{"embeddable":true,"href":"https:\/\/sugartec.hu\/index.php?rest_route=\/wp\/v2\/users\/1"}],"replies":[{"embeddable":true,"href":"https:\/\/sugartec.hu\/index.php?rest_route=%2Fwp%2Fv2%2Fcomments&post=353"}],"version-history":[{"count":10,"href":"https:\/\/sugartec.hu\/index.php?rest_route=\/wp\/v2\/pages\/353\/revisions"}],"predecessor-version":[{"id":555,"href":"https:\/\/sugartec.hu\/index.php?rest_route=\/wp\/v2\/pages\/353\/revisions\/555"}],"wp:attachment":[{"href":"https:\/\/sugartec.hu\/index.php?rest_route=%2Fwp%2Fv2%2Fmedia&parent=353"}],"curies":[{"name":"wp","href":"https:\/\/api.w.org\/{rel}","templated":true}]}}