{"id":321,"date":"2020-07-26T08:40:07","date_gmt":"2020-07-26T08:40:07","guid":{"rendered":"https:\/\/sgtc.teamunity.hu\/?page_id=321"},"modified":"2020-09-12T18:09:39","modified_gmt":"2020-09-12T18:09:39","slug":"szervizszerzodeseink","status":"publish","type":"page","link":"https:\/\/sugartec.hu\/?page_id=321","title":{"rendered":"Szerviz kapcsolataink"},"content":{"rendered":"<p>[vc_row][vc_column][vc_column_text]Szerz\u0151d\u00e9sek biztos\u00edtj\u00e1k, hogy teljes k\u00f6r\u0171 szolg\u00e1ltat\u00e1st tudjunk ny\u00fajtani az alkatr\u00e9szell\u00e1t\u00e1s \u00e9s szervizel\u00e9s ter\u00fclet\u00e9n az al\u00e1bbi gy\u00e1rt\u00f3k kompresszoraihoz:<br \/>\nEzek a szerz\u0151d\u00e9sek nem jelentenek kiz\u00e1r\u00f3lagos elk\u00f6telezetts\u00e9get a gy\u00e1rt\u00f3k fel\u00e9, c\u00e9g\u00fcnk tov\u00e1bbra is meg\u0151rzi m\u00e1rkaf\u00fcggetlens\u00e9g\u00e9t.<\/p>\n<p style=\"text-align: center;\"><a href=\"https:\/\/www.siadmi.com\/products\"><b>SIAD MI S.p.A. kompresszorgy\u00e1r &#8211; Olaszorsz\u00e1g<\/b><\/a><\/p>\n<p>[\/vc_column_text][vc_images_carousel images=&#8221;374,375,376,377&#8243; img_size=&#8221;full&#8221; speed=&#8221;4000&#8243; autoplay=&#8221;yes&#8221; wrap=&#8221;yes&#8221;][\/vc_column][\/vc_row][vc_row][vc_column][vc_column_text]T\u00f6bb, mint 90 \u00e9v tapasztalat minden t\u00edpus\u00fa \u00e9s kever\u00e9k g\u00e1zok komprim\u00e1l\u00e1s\u00e1ban.<\/p>\n<p>Kompresszoraik:<\/p>\n<ul>\n<li>ken\u00e9smentesek vagy kentek,<\/li>\n<li>alacsonyt\u00f3l k\u00f6zepes fordulatsz\u00e1m\u00fa dugatty\u00fas kompresszorok folyamatg\u00e1zokhoz \u00e9s leveg\u0151h\u00f6z,<\/li>\n<li>v\u00edz- vagy l\u00e9gh\u0171t\u00e9ses hengerrel a vev\u0151k ig\u00e9nyeinek \u00e9s az alkalmazhat\u00f3 ipari szabv\u00e1nynak megfelel\u0151en (adott esetben pedig) API618, ISO 13631, EIGA szerint is.<\/li>\n<\/ul>\n<p>Minden SIAD kompresszor teljesen felszerelt villanymotorral, motorral vagy turbin\u00e1val, l\u00e9g- vagy v\u00edzh\u0171t\u00e9ses h\u0151cser\u00e9l\u0151vel, m\u0171szerekkel, villamos panelekkel, sz\u0171r\u0151kkel. Sz\u00e1nk\u00f3ra vagy k\u00f6zvetlen\u00fcl az alapokra szerelve sz\u00e1ll\u00edtj\u00e1k, \u00edgy a meg\u00e9rkez\u00e9st k\u00f6vet\u0151en m\u00e1r csak \u00fczembe kell helyezni az egys\u00e9get.<\/p>\n<p>A kompresszorok minden g\u00e1zt\u00edpust tudnak kezelni: inert (inakt\u00edv), oxid\u00e1l\u00f3d\u00f3, toxikus, robban\u00e9kony \u00e9s korroz\u00edv.<\/p>\n<p style=\"text-align: center;\"><a href=\"http:\/\/www.abc-compressors.com\"><b>ABC kompresszorgy\u00e1r &#8211; Spanyolorsz\u00e1g<\/b><\/a><\/p>\n<p>[\/vc_column_text][vc_images_carousel images=&#8221;380,381,382&#8243; img_size=&#8221;full&#8221; autoplay=&#8221;yes&#8221; wrap=&#8221;yes&#8221;][vc_column_text]<\/p>\n<ul>\n<li>\n<p align=\"justify\"><span style=\"font-family: Arial, serif;\"><span>T\u00f6bb mint 75 \u00e9v tapasztalattal, 1943 \u00f3ta a piacon. Az ABC tov\u00e1bbra is a legfontosabbnak tartja az \u00fcgyfelekkel fenn\u00e1ll\u00f3 hossz\u00fa t\u00e1v\u00fa kapcsolatok megszil\u00e1rd\u00edt\u00e1s\u00e1t, nemcsak az ig\u00e9nyeikhez legjobban alkalmazkod\u00f3 term\u00e9kek sz\u00e1ll\u00edt\u00e1s\u00e1ban, hanem azok eg\u00e9sz \u00e9letciklusuk v\u00e9gigk\u00eds\u00e9r\u00e9s\u00e9ben is.<\/span><\/span><\/p>\n<\/li>\n<li>\n<p align=\"justify\"><span style=\"font-family: Courier New, serif;\"><span style=\"font-size: small;\"><span style=\"font-family: Arial, serif;\"><span style=\"font-size: medium;\">Az ABC b\u00e1rmilyen k\u00f6vetelm\u00e9nyekhez hozz\u00e1igaz\u00edtja megold\u00e1sait, egy\u00fcttm\u0171k\u00f6dve \u00e9s tan\u00e1csot adva a v\u00e9gfelhaszn\u00e1l\u00f3knak \u00e9s a m\u00e9rn\u00f6k\u00f6knek a berendez\u00e9sek konfigur\u00e1l\u00e1s\u00e1ban.<\/span><\/span><\/span><\/span><\/p>\n<\/li>\n<li>\n<p align=\"justify\"><span style=\"font-family: Courier New, serif;\"><span style=\"font-size: small;\"><span style=\"font-family: Arial, serif;\"><span style=\"font-size: medium;\">A gy\u00e1rt\u00e1si folyamat a legmagasabb min\u0151s\u00e9gi el\u0151\u00edr\u00e1sok szerint zajlik, ellen\u0151rizve \u00e9s meger\u0151s\u00edtve a teljes kompresszoregys\u00e9g t\u00f6k\u00e9letes m\u0171k\u00f6d\u00e9s\u00e9t, miel\u0151tt az \u00fcgyf\u00e9lnek sz\u00e1ll\u00edtan\u00e1.<\/span><\/span><\/span><\/span><\/p>\n<\/li>\n<li>\n<p align=\"justify\"><span style=\"font-family: Courier New, serif;\"><span style=\"font-size: small;\"><span style=\"font-family: Arial, serif;\"><span style=\"font-size: medium;\">E c\u00e9lb\u00f3l elv\u00e9gzik az \u00f6sszes sz\u00fcks\u00e9ges term\u00e9kmin\u0151s\u00e9g-tesztet, kiemelve:<\/span><\/span><\/span><\/span><\/p>\n<\/li>\n<li><span style=\"font-family: Arial, serif;\"><span>a m\u00e9retellen\u0151rz\u00e9sek, roncsol\u00e1smentes anyagvizsg\u00e1latok (ultrahang, folyad\u00e9k-behatol\u00e1sos vizsg\u00e1latok, hegeszt\u00e9si r\u00f6ntgen, kem\u00e9nys\u00e9gi vizsg\u00e1lat, stb.) m\u00e9r\u0151berendez\u00e9sek ellen\u0151rz\u00e9s\u00e9nek fontoss\u00e1g\u00e1t. <\/span><\/span><\/li>\n<li><span style=\"font-family: Arial, serif;\"><span>T\u00e1rsas\u00e1gunk a kompresszor gy\u00e1r magyarorsz\u00e1gi szervizpartnerek\u00e9nt m\u0171k\u00f6dik k\u00f6zre a lesz\u00e1ll\u00edtott ABC kompresszorok kiszolg\u00e1l\u00e1s\u00e1ban.<\/span><\/span><\/li>\n<\/ul>\n<p>[\/vc_column_text][\/vc_column][\/vc_row][vc_row][vc_column][vc_column_text]<\/p>\n<p style=\"text-align: center;\"><a href=\"http:\/\/www.dwb.com.pl\">Air-Service A. Sebesta Sp. j. \/ DWB \u2013 Lengyelorsz\u00e1g<\/a><\/p>\n<p>[\/vc_column_text][\/vc_column][\/vc_row][vc_row][vc_column][vc_column_text]F\u0151 tev\u00e9kenys\u00e9gi k\u00f6r: turbokompresszorok, azon bel\u00fcl is els\u0151 sorban<\/p>\n<p>[\/vc_column_text][vc_images_carousel images=&#8221;384,385,386&#8243; img_size=&#8221;full&#8221; autoplay=&#8221;yes&#8221; wrap=&#8221;yes&#8221;][\/vc_column][\/vc_row][vc_row][vc_column][vc_column_text]Centac &#8211; Ingersoll-Rand g\u00e9pekhez:<\/p>\n<ul>\n<li>alkatr\u00e9szek<\/li>\n<li>szerviz \u00e9s karbantart\u00e1si munk\u00e1k<\/li>\n<li>szab\u00e1lyz\u00f3rendszerek (IR-t\u0151l f\u00fcggetlen, nyitott rendszer Siemens egys\u00e9gek alapj\u00e1n)<\/li>\n<li>h\u0151visszanyer\u0151 h\u0171t\u0151k forgalmaz\u00e1s megl\u00e9v\u0151 rendszerekhez, a megl\u00e9v\u0151 rendszerek adapt\u00e1l\u00e1sa<\/li>\n<li>szabv\u00e1nyos rendszerek h\u0151visszaver\u0151kh\u00f6z<\/li>\n<\/ul>\n<p>gy\u00e1rt\u00f3t\u00f3l f\u00fcggetlen\u00fcl<\/p>\n<ul>\n<li>forg\u00f3r\u00e9szek \u00e1llapotfelm\u00e9r\u00e9se<\/li>\n<li>forg\u00f3r\u00e9szek jav\u00edt\u00e1sa<\/li>\n<li>forg\u00f3r\u00e9szek alacsony- \u00e9s magas fordulat\u00fa API szerinti kiegyens\u00falyoz\u00e1sa<\/li>\n<\/ul>\n<p>M\u00e9rn\u00f6ki munka \u2013 turb\u00f3 alkatr\u00e9szek felm\u00e9r\u00e9se, gy\u00e1rt\u00e1si szint\u0171 rajzok k\u00e9sz\u00edt\u00e9se, rajzok alapj\u00e1n \u00faj alkatr\u00e9szek gy\u00e1rt\u00e1sa<\/p>\n<p>Cameron \/ Cooper turb\u00f3kompresszorokhoz alkatr\u00e9szek<\/p>\n<p>Haszn\u00e1lt IR turb\u00f3kompresszorok forgalmaz\u00e1sa[\/vc_column_text][\/vc_column][\/vc_row]<\/p>\n","protected":false},"excerpt":{"rendered":"<p>[vc_row][vc_column][vc_column_text]Szerz\u0151d\u00e9sek biztos\u00edtj\u00e1k, hogy teljes k\u00f6r\u0171 szolg\u00e1ltat\u00e1st tudjunk ny\u00fajtani az alkatr\u00e9szell\u00e1t\u00e1s \u00e9s szervizel\u00e9s ter\u00fclet\u00e9n az al\u00e1bbi gy\u00e1rt\u00f3k kompresszoraihoz: Ezek a szerz\u0151d\u00e9sek nem jelentenek kiz\u00e1r\u00f3lagos elk\u00f6telezetts\u00e9get a gy\u00e1rt\u00f3k fel\u00e9, c\u00e9g\u00fcnk tov\u00e1bbra is meg\u0151rzi m\u00e1rkaf\u00fcggetlens\u00e9g\u00e9t. SIAD MI S.p.A. kompresszorgy\u00e1r &#8211; Olaszorsz\u00e1g [\/vc_column_text][vc_images_carousel images=&#8221;374,375,376,377&#8243; img_size=&#8221;full&#8221; speed=&#8221;4000&#8243; autoplay=&#8221;yes&#8221; wrap=&#8221;yes&#8221;][\/vc_column][\/vc_row][vc_row][vc_column][vc_column_text]T\u00f6bb, mint 90 \u00e9v tapasztalat minden t\u00edpus\u00fa [&hellip;]<\/p>\n","protected":false},"author":1,"featured_media":0,"parent":0,"menu_order":0,"comment_status":"closed","ping_status":"closed","template":"","meta":{"footnotes":""},"_links":{"self":[{"href":"https:\/\/sugartec.hu\/index.php?rest_route=\/wp\/v2\/pages\/321"}],"collection":[{"href":"https:\/\/sugartec.hu\/index.php?rest_route=\/wp\/v2\/pages"}],"about":[{"href":"https:\/\/sugartec.hu\/index.php?rest_route=\/wp\/v2\/types\/page"}],"author":[{"embeddable":true,"href":"https:\/\/sugartec.hu\/index.php?rest_route=\/wp\/v2\/users\/1"}],"replies":[{"embeddable":true,"href":"https:\/\/sugartec.hu\/index.php?rest_route=%2Fwp%2Fv2%2Fcomments&post=321"}],"version-history":[{"count":15,"href":"https:\/\/sugartec.hu\/index.php?rest_route=\/wp\/v2\/pages\/321\/revisions"}],"predecessor-version":[{"id":540,"href":"https:\/\/sugartec.hu\/index.php?rest_route=\/wp\/v2\/pages\/321\/revisions\/540"}],"wp:attachment":[{"href":"https:\/\/sugartec.hu\/index.php?rest_route=%2Fwp%2Fv2%2Fmedia&parent=321"}],"curies":[{"name":"wp","href":"https:\/\/api.w.org\/{rel}","templated":true}]}}

<p>[vc_row][vc_column][vc_column_text]Szerződések biztosítják, hogy teljes körű szolgáltatást tudjunk nyújtani az alkatrészellátás és szervizelés területén az alábbi gyártók kompresszoraihoz:<br />
Ezek a szerződések nem jelentenek kizárólagos elkötelezettséget a gyártók felé, cégünk továbbra is megőrzi márkafüggetlenségét.</p>
<p style="text-align: center;"><a href="https://www.siadmi.com/products"><b>SIAD MI S.p.A. kompresszorgyár &#8211; Olaszország</b></a></p>
<p>[/vc_column_text][vc_images_carousel images=&#8221;374,375,376,377&#8243; img_size=&#8221;full&#8221; speed=&#8221;4000&#8243; autoplay=&#8221;yes&#8221; wrap=&#8221;yes&#8221;][/vc_column][/vc_row][vc_row][vc_column][vc_column_text]Több, mint 90 év tapasztalat minden típusú és keverék gázok komprimálásában.</p>
<p>Kompresszoraik:</p>
<ul>
<li>kenésmentesek vagy kentek,</li>
<li>alacsonytól közepes fordulatszámú dugattyús kompresszorok folyamatgázokhoz és levegőhöz,</li>
<li>víz- vagy léghűtéses hengerrel a vevők igényeinek és az alkalmazható ipari szabványnak megfelelően (adott esetben pedig) API618, ISO 13631, EIGA szerint is.</li>
</ul>
<p>Minden SIAD kompresszor teljesen felszerelt villanymotorral, motorral vagy turbinával, lég- vagy vízhűtéses hőcserélővel, műszerekkel, villamos panelekkel, szűrőkkel. Szánkóra vagy közvetlenül az alapokra szerelve szállítják, így a megérkezést követően már csak üzembe kell helyezni az egységet.</p>
<p>A kompresszorok minden gáztípust tudnak kezelni: inert (inaktív), oxidálódó, toxikus, robbanékony és korrozív.</p>
<p style="text-align: center;"><a href="http://www.abc-compressors.com"><b>ABC kompresszorgyár &#8211; Spanyolország</b></a></p>
<p>[/vc_column_text][vc_images_carousel images=&#8221;380,381,382&#8243; img_size=&#8221;full&#8221; autoplay=&#8221;yes&#8221; wrap=&#8221;yes&#8221;][vc_column_text]</p>
<ul>
<li>
<p align="justify"><span style="font-family: Arial, serif;"><span>Több mint 75 év tapasztalattal, 1943 óta a piacon. Az ABC továbbra is a legfontosabbnak tartja az ügyfelekkel fennálló hosszú távú kapcsolatok megszilárdítását, nemcsak az igényeikhez legjobban alkalmazkodó termékek szállításában, hanem azok egész életciklusuk végigkísérésében is.</span></span></p>
</li>
<li>
<p align="justify"><span style="font-family: Courier New, serif;"><span style="font-size: small;"><span style="font-family: Arial, serif;"><span style="font-size: medium;">Az ABC bármilyen követelményekhez hozzáigazítja megoldásait, együttműködve és tanácsot adva a végfelhasználóknak és a mérnököknek a berendezések konfigurálásában.</span></span></span></span></p>
</li>
<li>
<p align="justify"><span style="font-family: Courier New, serif;"><span style="font-size: small;"><span style="font-family: Arial, serif;"><span style="font-size: medium;">A gyártási folyamat a legmagasabb minőségi előírások szerint zajlik, ellenőrizve és megerősítve a teljes kompresszoregység tökéletes működését, mielőtt az ügyfélnek szállítaná.</span></span></span></span></p>
</li>
<li>
<p align="justify"><span style="font-family: Courier New, serif;"><span style="font-size: small;"><span style="font-family: Arial, serif;"><span style="font-size: medium;">E célból elvégzik az összes szükséges termékminőség-tesztet, kiemelve:</span></span></span></span></p>
</li>
<li><span style="font-family: Arial, serif;"><span>a méretellenőrzések, roncsolásmentes anyagvizsgálatok (ultrahang, folyadék-behatolásos vizsgálatok, hegesztési röntgen, keménységi vizsgálat, stb.) mérőberendezések ellenőrzésének fontosságát. </span></span></li>
<li><span style="font-family: Arial, serif;"><span>Társaságunk a kompresszor gyár magyarországi szervizpartnereként működik közre a leszállított ABC kompresszorok kiszolgálásában.</span></span></li>
</ul>
<p>[/vc_column_text][/vc_column][/vc_row][vc_row][vc_column][vc_column_text]</p>
<p style="text-align: center;"><a href="http://www.dwb.com.pl">Air-Service A. Sebesta Sp. j. / DWB – Lengyelország</a></p>
<p>[/vc_column_text][/vc_column][/vc_row][vc_row][vc_column][vc_column_text]Fő tevékenységi kör: turbokompresszorok, azon belül is első sorban</p>
<p>[/vc_column_text][vc_images_carousel images=&#8221;384,385,386&#8243; img_size=&#8221;full&#8221; autoplay=&#8221;yes&#8221; wrap=&#8221;yes&#8221;][/vc_column][/vc_row][vc_row][vc_column][vc_column_text]Centac &#8211; Ingersoll-Rand gépekhez:</p>
<ul>
<li>alkatrészek</li>
<li>szerviz és karbantartási munkák</li>
<li>szabályzórendszerek (IR-től független, nyitott rendszer Siemens egységek alapján)</li>
<li>hővisszanyerő hűtők forgalmazás meglévő rendszerekhez, a meglévő rendszerek adaptálása</li>
<li>szabványos rendszerek hővisszaverőkhöz</li>
</ul>
<p>gyártótól függetlenül</p>
<ul>
<li>forgórészek állapotfelmérése</li>
<li>forgórészek javítása</li>
<li>forgórészek alacsony- és magas fordulatú API szerinti kiegyensúlyozása</li>
</ul>
<p>Mérnöki munka – turbó alkatrészek felmérése, gyártási szintű rajzok készítése, rajzok alapján új alkatrészek gyártása</p>
<p>Cameron / Cooper turbókompresszorokhoz alkatrészek</p>
<p>Használt IR turbókompresszorok forgalmazása[/vc_column_text][/vc_column][/vc_row]</p>

<p>[vc_row][vc_column][vc_column_text]Szerződések biztosítják, hogy teljes körű szolgáltatást tudjunk nyújtani az alkatrészellátás és szervizelés területén az alábbi gyártók kompresszoraihoz: Ezek a szerződések nem jelentenek kizárólagos elkötelezettséget a gyártók felé, cégünk továbbra is megőrzi márkafüggetlenségét. SIAD MI S.p.A. kompresszorgyár &#8211; Olaszország [/vc_column_text][vc_images_carousel images=&#8221;374,375,376,377&#8243; img_size=&#8221;full&#8221; speed=&#8221;4000&#8243; autoplay=&#8221;yes&#8221; wrap=&#8221;yes&#8221;][/vc_column][/vc_row][vc_row][vc_column][vc_column_text]Több, mint 90 év tapasztalat minden típusú [&hellip;]</p>
